
Is 3009271921 a prime number?
True
Is 7989252499 prime?
True
Is 3691786601 prime?
True
Is 7226519383 a prime number?
False
Is 43363790681 a composite number?
False
Is 34734964951 composite?
False
Is 99852433321 composite?
False
Is 5112815407 prime?
False
Is 2136341189 a composite number?
True
Is 326601923 prime?
False
Is 3244067903 prime?
False
Is 587261027 a composite number?
False
Is 32373377 composite?
True
Is 184485713 a composite number?
False
Is 91277460697 composite?
True
Is 2749032263 prime?
True
Is 431919217 a prime number?
True
Is 3175725853 composite?
True
Is 973396393 a composite number?
False
Is 21249076267 a prime number?
False
Is 1732505113 a prime number?
True
Is 150458453 a composite number?
False
Is 9203429049 a composite number?
True
Is 52180561 prime?
False
Is 640625537 a prime number?
False
Is 1024474573 prime?
True
Is 33281566687 a prime number?
False
Is 5474187163 a composite number?
True
Is 3640298861 a prime number?
True
Is 8778364979 composite?
True
Is 582270239 prime?
True
Is 294597119 a prime number?
True
Is 45639763 composite?
True
Is 238026037 composite?
False
Is 10907465647 a prime number?
False
Is 272978957 a prime number?
True
Is 10256490599 a composite number?
False
Is 507090953 a prime number?
True
Is 30005342371 composite?
True
Is 3229704809 composite?
False
Is 141715619 composite?
True
Is 5938092669 a prime number?
False
Is 4322089567 a prime number?
True
Is 9232872739 composite?
True
Is 33516108581 composite?
True
Is 209525717 prime?
True
Is 3394451765 composite?
True
Is 1929073673 a prime number?
False
Is 93087949 a prime number?
True
Is 1436756159 prime?
False
Is 264680049 a composite number?
True
Is 20855657969 a prime number?
True
Is 9961927759 composite?
True
Is 804431181 a prime number?
False
Is 36870711323 composite?
False
Is 2017604359 prime?
True
Is 1807317419 a prime number?
False
Is 49982797 a prime number?
False
Is 31412420878 composite?
True
Is 1055405579 a composite number?
True
Is 1253819221 composite?
True
Is 470235977 composite?
True
Is 9142370591 composite?
False
Is 8687703731 a composite number?
True
Is 407370329 composite?
False
Is 518553641 composite?
True
Is 7265074853 a composite number?
True
Is 2941342361 a prime number?
True
Is 21530947873 prime?
True
Is 2228541937 prime?
False
Is 851472577 a prime number?
False
Is 828342389 prime?
False
Is 18457102401 composite?
True
Is 14263480793 composite?
True
Is 671250383 prime?
True
Is 53517383251 a prime number?
True
Is 298537926139 a prime number?
True
Is 11382494 a composite number?
True
Is 28993237871 a composite number?
True
Is 4847311453 a prime number?
False
Is 1073343939 a composite number?
True
Is 54502416299 prime?
False
Is 2243930027 composite?
True
Is 1921595891 a prime number?
True
Is 9110775551 a prime number?
True
Is 55743066371 a composite number?
False
Is 26955213019 a prime number?
False
Is 2011805723 prime?
True
Is 4727121557 prime?
True
Is 18157258789 composite?
True
Is 1940499541 prime?
True
Is 10121872051 a composite number?
False
Is 147028183 composite?
False
Is 3464144083 prime?
True
Is 2501454965 a prime number?
False
Is 10581600223 composite?
True
Is 310996397 composite?
False
Is 1564475179 composite?
False
Is 352747867 prime?
False
Is 69642443957 prime?
True
Is 19720256323 a prime number?
False
Is 112374937 prime?
True
Is 4204500181 a composite number?
True
Is 115361377123 a composite number?
False
Is 1883064247 a prime number?
True
Is 147188693389 a composite number?
False
Is 952323929 composite?
True
Is 7252865897 prime?
True
Is 98437259 prime?
False
Is 14632587901 a composite number?
True
Is 581815771 composite?
False
Is 194930048758 prime?
False
Is 179379943 prime?
False
Is 14107764409 a composite number?
True
Is 24540922391 a prime number?
True
Is 846911137 prime?
True
Is 931052027 composite?
False
Is 9899367847 a composite number?
False
Is 778254683 composite?
True
Is 2481254701 a composite number?
False
Is 60197773963 a prime number?
False
Is 164621629469 a prime number?
False
Is 54400099231 prime?
True
Is 1405797259 a prime number?
False
Is 58780621297 prime?
True
Is 673282861 composite?
False
Is 874552571 a composite number?
False
Is 3394308251 a composite number?
True
Is 20820632986 composite?
True
Is 12073575581 a prime number?
True
Is 7060488497 a prime number?
True
Is 1674799921 a prime number?
False
Is 69529610497 a prime number?
False
Is 727115981 prime?
True
Is 36272951917 a prime number?
True
Is 220113911 prime?
True
Is 31372749677 a prime number?
False
Is 2501913361 composite?
True
Is 4807698029 prime?
False
Is 87207030907 a composite number?
False
Is 52435393481 prime?
False
Is 6245699029 composite?
True
Is 867591391 prime?
True
Is 75850865 a prime number?
False
Is 3163232593 a composite number?
True
Is 5148905401 prime?
False
Is 2685560699 a prime number?
False
Is 173526487 prime?
False
Is 413129833 a composite number?
False
Is 2153258843 composite?
False
Is 1827371527 composite?
False
Is 30371559643 prime?
False
Is 745937417 composite?
False
Is 1513151281 composite?
False
Is 82957451 prime?
True
Is 11209188183 a composite number?
True
Is 13939014101 a prime number?
True
Is 3353281017 composite?
True
Is 609053693 a composite number?
False
Is 15095176651 a composite number?
False
Is 1077873829 a prime number?
False
Is 1360850937 composite?
True
Is 32996437367 a prime number?
True
Is 96875288953 a prime number?
False
Is 107954051077 composite?
True
Is 1095856043 composite?
True
Is 14379111295 a prime number?
False
Is 2329074586 prime?
False
Is 1006064311 composite?
True
Is 2924738261 a prime number?
True
Is 11388995441 a prime number?
False
Is 1358980949 a prime number?
False
Is 1409604527 composite?
True
Is 11389246909 a composite number?
False
Is 366072569 a composite number?
False
Is 32898409783 prime?
False
Is 4683851479 a prime number?
True
Is 10639471 composite?
True
Is 461948759 composite?
True
Is 16705078573 composite?
True
Is 156893857214 a prime number?
False
Is 33777677537 a prime number?
True
Is 438051557 a prime number?
True
Is 114562497523 composite?
False
Is 927070931 a prime number?
True
Is 19558806647 a prime number?
True
Is 17188476953 composite?
True
Is 20615480417 composite?
True
Is 4445846099 a prime number?
True
Is 1321938005 a composite number?
True
Is 7440317743 prime?
True
Is 91820589493 a prime number?
False
Is 322326803 a prime number?
True
Is 177640121 composite?
True
Is 3794195771 composite?
True
Is 2639757073 a composite number?
False
Is 317495106271 prime?
False
Is 2151645173 a composite number?
True
Is 380504953 composite?
True
Is 2959858901 prime?
False
Is 2502672511 prime?
True
Is 6481351481 a prime number?
False
Is 26854118689 a composite number?
False
Is 92850929923 composite?
False
Is 12708479335 composite?
True
Is 4791076541 composite?
False
Is 2147137391 composite?
True
Is 26057649115 a prime number?
False
Is 144720491 prime?
True
Is 2356633781 composite?
False
Is 72218116727 prime?
True
Is 3140721247 prime?
False
Is 1443621889 prime?
True
Is 59116748699 composite?
False
Is 13040807051 a prime number?
True
Is 1224408373 prime?
True
Is 6298251007 a prime number?
True
Is 59818971811 composite?
False
Is 20836951013 prime?
False
Is 698719423 composite?
False
Is 31534159 composite?
True
Is 5258141807 prime?
True
Is 5965015621 a prime number?
True
Is 2170135301 a composite number?
False
Is 63164327 a prime number?
False
Is 3299314609 a prime number?
False
Is 3919205233 composite?
False
Is 274356551 composite?
True
Is 1270456591 composite?
True
Is 1721556989 a prime number?
False
Is 5763597803 prime?
True
Is 8338975241 a prime number?
True
Is 225178038259 a composite number?
False
Is 5268268561 composite?
False
Is 13810947889 a composite number?
False
Is 1505905493 a prime number?
True
Is 3818470063 a prime number?
True
Is 11975570089 prime?
False
Is 23904277351 prime?
False
Is 2291902105 prime?
False
Is 63155926999 a prime number?
False
Is 1400346533 a composite number?
True
Is 48068658059 composite?
True
Is 22155067511 a prime number?
True
Is 4424868419 a prime number?
True
Is 6908740199 a composite number?
False
Is 1067320109 composite?
True
Is 24501598259 a composite number?
False
Is 762290049 prime?
False
Is 70464752179 composite?
True
Is 6540043517 compo